{"id":154502,"date":"2022-02-25T10:17:03","date_gmt":"2022-02-25T13:17:03","guid":{"rendered":"https:\/\/colegioprevisional.cl\/clases\/?post_type=product&#038;p=154502"},"modified":"2023-08-30T11:07:12","modified_gmt":"2023-08-30T15:07:12","slug":"curso-habilidades-blandas-para-el-trabajo","status":"publish","type":"product","link":"https:\/\/colegioprevisional.cl\/clases\/producto\/curso-habilidades-blandas-para-el-trabajo\/","title":{"rendered":"Curso Habilidades Blandas para el Trabajo"},"content":{"rendered":"<p>Las habilidades blandas son aquellas competencias sociales\u00a0que una persona puede desarrollar y contribuyen a preservar la comunicaci\u00f3n, trabajar en equipo y las relaciones interpersonales.<\/p>\n<p>Son importantes para que las personas puedan trabajar en equipo, se comuniquen efectivamente o lideren de manera asertiva. Tanto los conocimientos t\u00e9cnicos como las habilidades sociales son un componente fundamental al momento de crear mejores equipos.<\/p>\n<p>El crecimiento de una organizaci\u00f3n depende tanto de los conocimientos b\u00e1sicos en marketing, finanzas o programaci\u00f3n, como en creatividad, resoluci\u00f3n de problemas o liderazgo.<\/p>\n<p>Estas se eval\u00faan para entender c\u00f3mo una persona podr\u00eda relacionarse con los dem\u00e1s miembros de un equipo y acoplarse a su trabajo, ya que contribuyen a mejorar la productividad y el compromiso con la empresa.<\/p>\n<p>Y debido a que los l\u00edderes de equipo requieren personas comprometidas con los valores y metas de su organizaci\u00f3n, el\u00a090% de la veces\u00a0las empresas l\u00edderes buscan que su personal cuente con habilidades blandas como liderazgo, productividad o creatividad.<\/p>\n<p><strong>M\u00f3dulo 1 Apresto Laboral y Herramientas de Expresi\u00f3n oral y Escrita<\/strong><\/p>\n<p><strong>M\u00f3dulo 2 Trabajo en Equipo y Resoluci\u00f3n de Conflictos<\/strong><\/p>\n<p><strong>M\u00f3dulo 3 El Proyecto Ocupacional y Uso TIC\u2019s<\/strong><\/p>\n<p><strong>M\u00f3dulo 4 Derechos y Obligaciones en el Trabajo<\/strong><\/p>\n<p><a href=\"https:\/\/colegioprevisional.cl\/clases\/wp-content\/uploads\/2022\/02\/Habilidades-Blandas-para-el-Trabajo-2.pdf\"><img loading=\"lazy\" decoding=\"async\" class=\"alignnone wp-image-156010 size-full\" src=\"https:\/\/colegioprevisional.cl\/clases\/wp-content\/uploads\/2021\/07\/bajar.png\" alt=\"\" width=\"198\" height=\"66\" \/><\/a><\/p>\n","protected":false},"excerpt":{"rendered":"<p>Detalle:<\/p>\n<ul>\n<li>Curso 100% Online<\/li>\n<li>Acceso a la plataforma de estudio de Lunes a Domingo, las 24 horas.<\/li>\n<li>Duraci\u00f3n del curso: 60 horas e-learning<\/li>\n<li>Cupos Limitados<\/li>\n<li>Tutor y Foro Online, evaluaci\u00f3n Online<\/li>\n<li>Diploma con 65% aprobaci\u00f3n de examen<\/li>\n<\/ul>\n<p><a href=\"https:\/\/colegioprevisional.cl\/clases\/wp-content\/uploads\/2020\/01\/webpay-footer-300x109.jpg\"><img loading=\"lazy\" decoding=\"async\" class=\"alignnone size-medium wp-image-140725\" src=\"https:\/\/colegioprevisional.cl\/clases\/wp-content\/uploads\/2020\/01\/webpay-footer-300x109-300x109.jpg\" alt=\"\" width=\"300\" height=\"109\" srcset=\"https:\/\/colegioprevisional.cl\/clases\/wp-content\/uploads\/2020\/01\/webpay-footer-300x109.jpg 300w, https:\/\/colegioprevisional.cl\/clases\/wp-content\/uploads\/2020\/01\/webpay-footer-300x109-255x93.jpg 255w\" sizes=\"(max-width: 300px) 100vw, 300px\" \/><\/a><\/p>\n","protected":false},"featured_media":154503,"template":"","meta":{"_bbp_topic_count":0,"_bbp_reply_count":0,"_bbp_total_topic_count":0,"_bbp_total_reply_count":0,"_bbp_voice_count":0,"_bbp_anonymous_reply_count":0,"_bbp_topic_count_hidden":0,"_bbp_reply_count_hidden":0,"_bbp_forum_subforum_count":0},"yoast_head":"<!-- This site is optimized with the Yoast SEO plugin v14.0.4 - https:\/\/yoast.com\/wordpress\/plugins\/seo\/ -->\n<meta name=\"robots\" content=\"index, follow\" \/>\n<meta name=\"googlebot\" content=\"index, follow, max-snippet:-1, max-image-preview:large, max-video-preview:-1\" \/>\n<meta name=\"bingbot\" content=\"index, follow, max-snippet:-1, max-image-preview:large, max-video-preview:-1\" \/>\n<link rel=\"canonical\" href=\"https:\/\/colegioprevisional.cl\/clases\/producto\/curso-habilidades-blandas-para-el-trabajo\/\" \/>\n<meta property=\"og:locale\" content=\"es_ES\" \/>\n<meta property=\"og:type\" content=\"article\" \/>\n<meta property=\"og:title\" content=\"Curso Habilidades Blandas para el Trabajo | Colegio Previsional I Capacitaci\u00f3n\" \/>\n<meta property=\"og:description\" content=\"Detalle:   Curso 100% Online  Acceso a la plataforma de estudio de Lunes a Domingo, las 24 horas.  Duraci\u00f3n del curso: 60 horas e-learning  Cupos Limitados  Tutor y Foro Online, evaluaci\u00f3n Online  Diploma con 65% aprobaci\u00f3n de examen\" \/>\n<meta property=\"og:url\" content=\"https:\/\/colegioprevisional.cl\/clases\/producto\/curso-habilidades-blandas-para-el-trabajo\/\" \/>\n<meta property=\"og:site_name\" content=\"Colegio Previsional I Capacitaci\u00f3n\" \/>\n<meta property=\"article:modified_time\" content=\"2023-08-30T15:07:12+00:00\" \/>\n<meta property=\"og:image\" content=\"https:\/\/colegioprevisional.cl\/clases\/wp-content\/uploads\/2022\/02\/Habilidades-Blandas.fw_.png\" \/>\n\t<meta property=\"og:image:width\" content=\"562\" \/>\n\t<meta property=\"og:image:height\" content=\"573\" \/>\n<meta name=\"twitter:card\" content=\"summary_large_image\" \/>\n<script type=\"application\/ld+json\" class=\"yoast-schema-graph\">{\"@context\":\"https:\/\/schema.org\",\"@graph\":[{\"@type\":\"Organization\",\"@id\":\"https:\/\/colegioprevisional.cl\/clases\/#organization\",\"name\":\"Cursos de Administracion\",\"url\":\"https:\/\/colegioprevisional.cl\/clases\/\",\"sameAs\":[],\"logo\":{\"@type\":\"ImageObject\",\"@id\":\"https:\/\/colegioprevisional.cl\/clases\/#logo\",\"inLanguage\":\"es\",\"url\":\"https:\/\/colegioprevisional.cl\/clases\/wp-content\/uploads\/2014\/10\/administracion.png\",\"width\":280,\"height\":53,\"caption\":\"Cursos de Administracion\"},\"image\":{\"@id\":\"https:\/\/colegioprevisional.cl\/clases\/#logo\"}},{\"@type\":\"WebSite\",\"@id\":\"https:\/\/colegioprevisional.cl\/clases\/#website\",\"url\":\"https:\/\/colegioprevisional.cl\/clases\/\",\"name\":\"Colegio Previsional I Capacitaci\\u00f3n\",\"description\":\"Colegio Previsional I Capacitaci\\u00f3n\",\"publisher\":{\"@id\":\"https:\/\/colegioprevisional.cl\/clases\/#organization\"},\"potentialAction\":[{\"@type\":\"SearchAction\",\"target\":\"https:\/\/colegioprevisional.cl\/clases\/?s={search_term_string}\",\"query-input\":\"required name=search_term_string\"}],\"inLanguage\":\"es\"},{\"@type\":\"ImageObject\",\"@id\":\"https:\/\/colegioprevisional.cl\/clases\/producto\/curso-habilidades-blandas-para-el-trabajo\/#primaryimage\",\"inLanguage\":\"es\",\"url\":\"https:\/\/colegioprevisional.cl\/clases\/wp-content\/uploads\/2022\/02\/Habilidades-Blandas.fw_.png\",\"width\":562,\"height\":573},{\"@type\":\"WebPage\",\"@id\":\"https:\/\/colegioprevisional.cl\/clases\/producto\/curso-habilidades-blandas-para-el-trabajo\/#webpage\",\"url\":\"https:\/\/colegioprevisional.cl\/clases\/producto\/curso-habilidades-blandas-para-el-trabajo\/\",\"name\":\"Curso Habilidades Blandas para el Trabajo | Colegio Previsional I Capacitaci\\u00f3n\",\"isPartOf\":{\"@id\":\"https:\/\/colegioprevisional.cl\/clases\/#website\"},\"primaryImageOfPage\":{\"@id\":\"https:\/\/colegioprevisional.cl\/clases\/producto\/curso-habilidades-blandas-para-el-trabajo\/#primaryimage\"},\"datePublished\":\"2022-02-25T13:17:03+00:00\",\"dateModified\":\"2023-08-30T15:07:12+00:00\",\"inLanguage\":\"es\",\"potentialAction\":[{\"@type\":\"ReadAction\",\"target\":[\"https:\/\/colegioprevisional.cl\/clases\/producto\/curso-habilidades-blandas-para-el-trabajo\/\"]}]}]}<\/script>\n<!-- \/ Yoast SEO plugin. -->","_links":{"self":[{"href":"https:\/\/colegioprevisional.cl\/clases\/wp-json\/wp\/v2\/product\/154502"}],"collection":[{"href":"https:\/\/colegioprevisional.cl\/clases\/wp-json\/wp\/v2\/product"}],"about":[{"href":"https:\/\/colegioprevisional.cl\/clases\/wp-json\/wp\/v2\/types\/product"}],"wp:featuredmedia":[{"embeddable":true,"href":"https:\/\/colegioprevisional.cl\/clases\/wp-json\/wp\/v2\/media\/154503"}],"wp:attachment":[{"href":"https:\/\/colegioprevisional.cl\/clases\/wp-json\/wp\/v2\/media?parent=154502"}],"curies":[{"name":"wp","href":"https:\/\/api.w.org\/{rel}","templated":true}]}}